{"id":2,"date":"2020-03-26T13:28:50","date_gmt":"2020-03-26T12:28:50","guid":{"rendered":"http:\/\/valtel.ostersund.se\/?page_id=2"},"modified":"2021-10-18T12:04:00","modified_gmt":"2021-10-18T10:04:00","slug":"projekt-och-verksamhet","status":"publish","type":"page","link":"https:\/\/valtel.ostersund.se\/index.php\/projekt-och-verksamhet\/","title":{"rendered":"Projekt och verksamhet"},"content":{"rendered":"\n<h2>\n\t\tProjekt och verksamhet\n\t<\/h2>\n\t\t\t\t<a href=\"http:\/\/www.interreg-sverige-norge.com\/\" target=\"_self\" itemprop=\"url\" rel=\"noopener\">\n\t\t\t\t<img loading=\"lazy\" decoding=\"async\" src=\"https:\/\/valtel.ostersund.se\/wp-content\/uploads\/2020\/04\/interreg_Sverige-Norge_2016_SV_RGB-300x84-1.png\" alt=\"Interreg logotyp\" itemprop=\"image\" height=\"84\" width=\"300\" title=\"interreg_Sverige-Norge_2016_SV_RGB-300x84\" onerror=\"this.style.display='none'\"  \/>\n\t\t\t\t<\/a>\n\t<h2>Bakgrund<\/h2>\n<p>V\u00e4lTel 2.0 \u00e4r ett <a href=\"http:\/\/www.interreg-sverige-norge.com\/\">EU-finansierat<\/a> projekt som bygger p\u00e5 resultaten fr\u00e5n<a href=\"https:\/\/valtel.regionjh.se\"> interregprojektet V\u00e4lTel: Mixed Zone f\u00f6r v\u00e4lf\u00e4rdsteknologiska TestLabs, som avslutades december 2019<\/a>.<\/p>\n<p>I projektet samarbetar <a href=\"https:\/\/www.ostersund.se\/\">\u00d6stersunds kommun<\/a>,\u00a0<a href=\"https:\/\/regionjh.se\/\">Region J\u00e4mtland-H\u00e4rjedalen<\/a>,\u00a0<a href=\"https:\/\/are.se\/\">\u00c5re kommun<\/a>,\u00a0<a href=\"https:\/\/www.miun.se\/\">Mittuniversitetet<\/a>\u00a0och\u00a0<a href=\"https:\/\/www.trondelagfylke.no\/\">Nord-Tr\u00f8ndelag<\/a>\u00a0med att hitta\u00a0<strong>morgondagens h\u00e4lsol\u00f6sningar<\/strong>.<\/p>\n<p>Slutsatser fr\u00e5n V\u00e4lTel (2017-2019) pekar p\u00e5 att offentlig sektor beh\u00f6ver bli fortsatt b\u00e4ttre p\u00e5 att testa, implementera och utv\u00e4rdera nya innovationer p\u00e5 e-h\u00e4lso-teknologiomr\u00e5det, bygga kompetens kring f\u00f6r\u00e4ndrade arbetss\u00e4tt, samt skapa b\u00e4ttre f\u00f6ruts\u00e4ttningar f\u00f6r samverkan med n\u00e4ringslivet.<\/p>\n\t<p>V\u00e4lTel 2.0 f\u00f6rv\u00e4ntas bidra till:<\/p>\n<ul>\n<li>\u00f6kad innovationstakt i offentliga verksamheter<\/li>\n<li>\u00f6kad patients\u00e4kerhet<\/li>\n<li>effektivisering av arbetsprocesser<\/li>\n<li>j\u00e4mlik tillg\u00e5ng till h\u00e4lso- sjukv\u00e5rd samt v\u00e5rd- och omsorg<\/li>\n<li>\u00f6kad livskvalitet och f\u00f6rb\u00e4ttrad h\u00e4lsa hos v\u00e5ra medborgare<\/li>\n<\/ul>\n<p>Projektets genomf\u00f6rande ska \u00e4ven bidra till mer effektiva utviklingsprosesser for helsen\u00e6ringen b\u00e5de p\u00e5 norsk og svensk side.<\/p>\n\t<h2>V\u00e4lf\u00e4rdsteknologi<\/h2>\n<p>Kunskapen om och anv\u00e4ndandet av teknik som kan bidra till \u00f6kad trygghet, aktivitet, delaktighet och sj\u00e4lvst\u00e4ndighet f\u00f6r personer med funktionsneds\u00e4ttning i alla \u00e5ldrar och deras anh\u00f6riga.<\/p>\n<p><strong>V\u00e4lf\u00e4rdsteknologi<\/strong> kan ocks\u00e5 anv\u00e4ndas till att f\u00f6rb\u00e4ttra arbetsmilj\u00f6n hos olika personalgrupper inom den offentliga sektorn.<\/p>\n<p><a href=\"https:\/\/www.regeringen.se\/499354\/contentassets\/79df147f5b194554bf401dd88e89b791\/vision-e-halsa-2025-overenskommelse.pdf\">Regeringens vision f\u00f6r E-h\u00e4lsa 2025 (.pdf)<\/a><\/p>\n<p><a href=\"https:\/\/nordicwelfare.org\/valfardspolitik\/valfardsteknologi\/\">Nordens V\u00e4lf\u00e4rdcenter<\/a><\/p>\n<p>&nbsp;<\/p>\n\t<h2>E-h\u00e4lsa<\/h2>\n<p>Enligt v\u00e4rldsh\u00e4lsoorganisationen definieras <strong>h\u00e4lsa<\/strong> som &#8221;ett tillst\u00e5nd av fullst\u00e4ndigt fysiskt, psykiskt och socialt v\u00e4lbefinnande&#8221;. Begreppet <strong>e-h\u00e4lsa<\/strong> anv\u00e4nds i sammanhang d\u00e4r informations- och kommunikationsteknologi anv\u00e4nds med syftet att uppn\u00e5 och bibeh\u00e5lla en god h\u00e4lsa.<\/p>\n<p><a href=\"https:\/\/www.who.int\/\">V\u00e4rldsh\u00e4lsoorganisationen<\/a><\/p>\n\t<h2>Digitalisering<\/h2>\n<p>Inf\u00f6rande av ny teknik och nya arbetss\u00e4tt med syfte att f\u00f6rb\u00e4ttra, effektivisera eller f\u00f6rnya en verksamhet. N\u00e4r processer digitaliseras p\u00e5verkas m\u00e4nniskors s\u00e4tt att f\u00f6rh\u00e5lla sig till b\u00e5de saker (teknik), s\u00e4tt (beteenden) och samh\u00e4llet i stort (kultur).<\/p>\n<p><a href=\"https:\/\/www.miun.se\/Personal\/katarinalgidlund\/\">Pr. Katarina Gidlund, Miun<\/a><\/p>\n\t<blockquote>\n<p>Smarta l\u00f6sningar &#8211; d\u00e4r du \u00e4r, n\u00e4r du beh\u00f6ver dem.<\/p>\n<\/blockquote>\n<h3>\n\t\tV\u00e4lTel 2.0 driver tre huvudsakliga utvecklingsomr\u00e5den:\n\t<\/h3>\n\t<h4>Kompetensh\u00f6jande insatser<\/h4>\n<p>Projektet ska verka f\u00f6r<em> gr\u00e4ns\u00f6verskridande kapacitet f\u00f6r digital omst\u00e4llning och innovation<\/em>.<\/p>\n<ol>\n<li>Identifiera, j\u00e4mf\u00f6ra och utv\u00e4rdera ett antal verktyg och processer som syftar till att kartl\u00e4gga digital mognad och kompetens inom n\u00e4ringsliv och offentligsektor, b\u00e5de p\u00e5 Norsk och Svensk sida. Utveckla en modell f\u00f6r samverkan kring digital mognad med forskningsinstitut och universitet.<\/li>\n<li>Genomf\u00f6ra en kartl\u00e4ggning av den digitala mognaden hos ledningsgrupper och medarbetare inom offentlig sektor, samt hos mottagare av v\u00e4lf\u00e4rdstj\u00e4nster. Utveckla en process f\u00f6r fortsatt arbete med digital mognad och f\u00f6r\u00e4ndringsledning inom v\u00e4rlf\u00e4rdsomr\u00e5det.<\/li>\n<li>Testa processen p\u00e5 ett antal fokusgrupper\/enheter. Skriva fram en strategi f\u00f6r fortsatt arbete kring digital mognad och f\u00f6r\u00e4ndringsledning. Ta fram ett utbildningspaket som genomsyras av de erfarenheter som har genererats under projektets g\u00e5ng.<\/li>\n<\/ol>\n\t<h4>Process- och modellutveckling<\/h4>\n<p>Projektet ska \u00e4gna sig \u00e5t<em> process- och modellutveckling f\u00f6r innovationsarbete<\/em>.<\/p>\n<ol>\n<li>Kartl\u00e4gga de innovationsprocesser, tj\u00e4nstedesignverktyg och projektmetoder som anv\u00e4nds hos projektets olika deltagande organisationer och medfinansi\u00e4rer idag. Ta fram best practise f\u00f6r innovationsprocesser inom v\u00e4lf\u00e4rdssektorn, fr\u00e5n id\u00e9 till implementering. Utf\u00f6ra tester i relevanta projekt kopplade till V\u00e4lTel 2.0.<\/li>\n<li>Utveckla modeller och ramverk f\u00f6r \u00f6kad samverkan kring innovation mellan n\u00e4ringslivet och offentlig sektor.<\/li>\n<li>Utveckla en modell f\u00f6r nyttorealisering kopplat till innovationsprocesser.<\/li>\n<li>Ta fram utbildningspaket f\u00f6r ovanst\u00e5ende processer och modeller.<\/li>\n<\/ol>\n\t<h4>Testarena IoT<\/h4>\n<p>Projektet ska utv\u00e4rdera<em> hur en generisk IOT\/IKT-platform kan anv\u00e4ndas f\u00f6r utveksling\/utbyte av data<\/em>.<\/p>\n<ol>\n<li>Genomf\u00f6ra verksamhetsintervjuer med syfte att ta fram en kravspecifikation f\u00f6r en IKT-arkitektur som ska m\u00f6jligg\u00f6ra utbyte av IoT(Internet of Things)-genererad data. Kravspecifikationen ska beakta verksamhetsn\u00e4ra behov och m\u00f6jligheter, tekniska och juridiska krav, samt l\u00e4rdomar fr\u00e5n verksamheter\/projekt som redan arbetar med sensorbaserad monitorering av olika slag.<\/li>\n<li>Matchning, test- och utv\u00e4rdering av IKT-arkitektur baserat p\u00e5 framtagen kravspecifikation. Verifiera fl\u00f6det: sensor &#8211; hub\/IOT-plattform &#8211; leverant\u00f6rstj\u00e4nster. Testk\u00f6ra nya teknologier och tj\u00e4nster \u00f6ver plattformen i samverkan med n\u00e4ringslivet.<\/li>\n<\/ol>\n\t<p><a href=\"https:\/\/valtel.ostersund.se\/index.php\/kontakt\/\">L\u00e4r k\u00e4nna medfinansi\u00e4rerna som hj\u00e4lper oss att f\u00f6rverkliga v\u00e5ra projektm\u00e5l \u00bb<\/a><\/p>\n\n","protected":false},"excerpt":{"rendered":"<p>Projekt och verksamhet Bakgrund V\u00e4lTel 2.0 \u00e4r ett EU-finansierat projekt som bygger p\u00e5 resultaten fr\u00e5n interregprojektet V\u00e4lTel: Mixed Zone f\u00f6r v\u00e4lf\u00e4rdsteknologiska TestLabs, som avslutades december 2019. I projektet samarbetar \u00d6stersunds kommun,\u00a0Region J\u00e4mtland-H\u00e4rjedalen,\u00a0\u00c5re kommun,\u00a0Mittuniversitetet\u00a0och\u00a0Nord-Tr\u00f8ndelag\u00a0med att hitta\u00a0morgondagens h\u00e4lsol\u00f6sningar. Slutsatser fr\u00e5n V\u00e4lTel (2017-2019) pekar p\u00e5 att offentlig sektor beh\u00f6ver bli fortsatt b\u00e4ttre p\u00e5 att testa, implementera och utv\u00e4rdera&hellip;<\/p>\n","protected":false},"author":3,"featured_media":0,"parent":0,"menu_order":0,"comment_status":"closed","ping_status":"closed","template":"","meta":{"_monsterinsights_skip_tracking":false,"_monsterinsights_sitenote_active":false,"_monsterinsights_sitenote_note":"","_monsterinsights_sitenote_category":0,"footnotes":""},"class_list":["post-2","page","type-page","status-publish","hentry"],"_links":{"self":[{"href":"https:\/\/valtel.ostersund.se\/index.php\/wp-json\/wp\/v2\/pages\/2","targetHints":{"allow":["GET"]}}],"collection":[{"href":"https:\/\/valtel.ostersund.se\/index.php\/wp-json\/wp\/v2\/pages"}],"about":[{"href":"https:\/\/valtel.ostersund.se\/index.php\/wp-json\/wp\/v2\/types\/page"}],"author":[{"embeddable":true,"href":"https:\/\/valtel.ostersund.se\/index.php\/wp-json\/wp\/v2\/users\/3"}],"replies":[{"embeddable":true,"href":"https:\/\/valtel.ostersund.se\/index.php\/wp-json\/wp\/v2\/comments?post=2"}],"version-history":[{"count":33,"href":"https:\/\/valtel.ostersund.se\/index.php\/wp-json\/wp\/v2\/pages\/2\/revisions"}],"predecessor-version":[{"id":710,"href":"https:\/\/valtel.ostersund.se\/index.php\/wp-json\/wp\/v2\/pages\/2\/revisions\/710"}],"wp:attachment":[{"href":"https:\/\/valtel.ostersund.se\/index.php\/wp-json\/wp\/v2\/media?parent=2"}],"curies":[{"name":"wp","href":"https:\/\/api.w.org\/{rel}","templated":true}]}}