{"id":414,"date":"2020-11-23T16:06:29","date_gmt":"2020-11-23T15:06:29","guid":{"rendered":"https:\/\/valtel.ostersund.se\/?page_id=414"},"modified":"2021-10-14T14:08:56","modified_gmt":"2021-10-14T12:08:56","slug":"prosjekt-og-virksomhet","status":"publish","type":"page","link":"https:\/\/valtel.ostersund.se\/index.php\/nb\/prosjekt-og-virksomhet\/","title":{"rendered":"Prosjekt og virksomhet"},"content":{"rendered":"\n<h2>\n\t\t Prosjekt og virksomhet\n\t<\/h2>\n\t\t\t\t<a href=\"http:\/\/www.interreg-sverige-norge.com\/\" target=\"_self\" itemprop=\"url\" rel=\"noopener\">\n\t\t\t\t<img loading=\"lazy\" decoding=\"async\" src=\"https:\/\/valtel.ostersund.se\/wp-content\/uploads\/2020\/04\/interreg_Sverige-Norge_2016_SV_RGB-300x84-1.png\" alt=\"Interreg logotyp\" itemprop=\"image\" height=\"84\" width=\"300\" title=\"interreg_Sverige-Norge_2016_SV_RGB-300x84\" onerror=\"this.style.display='none'\"  \/>\n\t\t\t\t<\/a>\n\t<h3>Bakgrunn<\/h3>\n<p>V\u00e4lTel 2.0 bygger videre p\u00e5 resultatene fra<a href=\"https:\/\/regionjh.se\/valtel\">interreg-prosjektet V\u00e4lTel: En Mixed Zone for velferdsteknologiske TestLabs som ble avsluttet i desember 2019.<\/a>.<\/p>\n<p>I prosjektet samarbeider <a href=\"https:\/\/www.ostersund.se\/\">\u00d6stersunds kommun<\/a>,\u00a0<a href=\"https:\/\/regionjh.se\/\">Region J\u00e4mtland-H\u00e4rjedalen<\/a>,\u00a0<a href=\"https:\/\/are.se\/\">\u00c5re kommun<\/a>,\u00a0<a href=\"https:\/\/www.miun.se\/\">Mittuniversitetet<\/a> og <a href=\"https:\/\/www.trondelagfylke.no\/\">Nord-Tr\u00f8ndelag<\/a> for \u00e5 finne <strong>morgendagens helsel\u00f8sninger<\/strong>.<\/p>\n<p>Konklusjoner fra V\u00e4lTel (2017 &#8211; 1029) viser at offentlig sektor m\u00e5 bli enda bedre til \u00e5 teste, implementere og evaluere nye innovasjonsl\u00f8sninger innen e-helse. Dette gjelder ogs\u00e5 arbeidet med \u00e5 bygge kompetanse for nye arbeidsmetoder, samt \u00e5 skape bedre forutsetninger for samarbeid med n\u00e6ringslivet.<\/p>\n\t<p>V\u00e4lTel 2.0 forventes \u00e5 bidra til:<\/p>\n<ul>\n<li>\u00d8kt tempo for innovasjon i offentlige virksomheter<\/li>\n<li>\u00d8kt pasientsikkerhet<\/li>\n<li>Effektivisering av arbeidsprosesser<\/li>\n<li>Lik tilgang til helse- og omsorgstilbud<\/li>\n<li>\u00d8kt livskvalitet og forbedret helse hos innbyggerne i v\u00e5rt omr\u00e5de<\/li>\n<\/ul>\n<p>Prosjektet skal ogs\u00e5 bidra til mer effektive utviklingsprosesser i helsesektoren b\u00e5de p\u00e5 norsk og svensk side.<\/p>\n\t<blockquote>\n<p>Smarte l\u00f8sninger &#8211; der du er, n\u00e5r du trenger dem<\/p>\n<\/blockquote>\n<h3>\n\t\tV\u00e4lTel 2.0 jobber hovedsakelig innen tre utviklingsomr\u00e5der:\n\t<\/h3>\n\t<h4>Kompetansehevende tiltak<\/h4>\n<p>Prosjektet skal arbeide for <em>grenseoverskridende kapasitet innen digital omstilling og innovasjon<\/em>.<\/p>\n<ol>\n<li>Identifisere, sammenligne og evaluere verkt\u00f8y og prosesser som tar sikte p\u00e5 \u00e5 kartlegge digital modenhet og kompetanse b\u00e5de i n\u00e6ringslivet og offentlig sektor, b\u00e5de p\u00e5 norsk og svensk side. Utvikle en samarbeidsmodell innen digital modenhet sammen med forskningsinstitusjoner og universiteter.<\/li>\n<li>Gjennomf\u00f8re en kartlegging av digital modenhet hos ledergrupper og ansatte i offentlig sektor, samt hos mottakere av helsetjenester. Utvikle en prosess for fortsatt arbeid med digital modenhet og endringsledelse i helsesektoren.<\/li>\n<li>Teste prosessen p\u00e5 et antall fokusgrupper\/enheter. Utvikle en strategi for fortsatt arbeid innen digital modenhet og endringsledelse. Produsere en oppl\u00e6ringspakke som baserer seg p\u00e5 erfaringer fra arbeid med prosjektet.<\/li>\n<\/ol>\n\t<h4>Prosess- og modellutvikling<\/h4>\n<p>Prosjektet skal fokusere p\u00e5 <em>prosess- og modellutvikling for innovasjonsarbeid. <\/em><\/p>\n<ol>\n<li>Kartlegge innovasjonsprosessene, tjenestedesignverkt\u00f8yene og prosjektmetodene som brukes av prosjektets ulike deltakerorganisasjoner og medfinansi\u00f8rer. Plukke frem den beste praksisen for innovasjonsprosesser innen helsesektoren, fra id\u00e9 til implementering. Utf\u00f8re tester i relevante prosjekt koblet til V\u00e4lTel 2.0.<\/li>\n<li>Utvikle modeller og rammer for \u00f8kt innovasjonssamarbeid mellom n\u00e6ringsliv og offentlig sektor.<\/li>\n<li>Utvikle en modell for nytterealisering knyttet til innovasjonsprosesser.<\/li>\n<li>Produsere oppl\u00e6ringspakker for de nevnte prosessene og modellene.<\/li>\n<\/ol>\n\t<h4>Testarena IoT<\/h4>\n<p>Prosjektet skal evaluere <em>hvordan en generisk IoT \/ IKT-plattform kan benyttes til utveksling\/utbytte av data<\/em>.<\/p>\n<ol>\n<li>Gjennomf\u00f8re virksomhetsintervjuer med sikte p\u00e5 \u00e5 produsere en kravspesifikasjon for IKT-arkitektur. Denne skal muliggj\u00f8re utbytte av IoT (Internet of Things)-generert data. Kravspesifikasjonen skal ta hensyn til virksomhetsn\u00e6re behov og muligheter, tekniske og juridiske krav, samt erfaringer fra virksomheter og prosjekter som allerede arbeider med ulike typer sensorbasert monitorering.<\/li>\n<li>Matching, testing og evaluering av IKT-arkitektur basert p\u00e5 den utviklede kravspesifikasjonen. Verifisere flyten: sensor &#8211; hub\/IoT-plattform &#8211; leverand\u00f8rtjenester. Teste nye teknologier og tjenester p\u00e5 tvers av plattformer og i samarbeid med n\u00e6ringslivet.<\/li>\n<\/ol>\n\t<p><a href=\"https:\/\/valtel.ostersund.se\/index.php\/kontakt\/\">L\u00e4r k\u00e4nna medfinansi\u00e4rerna som hj\u00e4lper oss att f\u00f6rverkliga v\u00e5ra projektm\u00e5l \u00bb<\/a><\/p>\n\n","protected":false},"excerpt":{"rendered":"<p>Prosjekt og virksomhet Bakgrunn V\u00e4lTel 2.0 bygger videre p\u00e5 resultatene frainterreg-prosjektet V\u00e4lTel: En Mixed Zone for velferdsteknologiske TestLabs som ble avsluttet i desember 2019.. I prosjektet samarbeider \u00d6stersunds kommun,\u00a0Region J\u00e4mtland-H\u00e4rjedalen,\u00a0\u00c5re kommun,\u00a0Mittuniversitetet og Nord-Tr\u00f8ndelag for \u00e5 finne morgendagens helsel\u00f8sninger. Konklusjoner fra V\u00e4lTel (2017 &#8211; 1029) viser at offentlig sektor m\u00e5 bli enda bedre til \u00e5 teste,&hellip;<\/p>\n","protected":false},"author":3,"featured_media":0,"parent":0,"menu_order":0,"comment_status":"closed","ping_status":"closed","template":"","meta":{"_monsterinsights_skip_tracking":false,"_monsterinsights_sitenote_active":false,"_monsterinsights_sitenote_note":"","_monsterinsights_sitenote_category":0,"footnotes":""},"class_list":["post-414","page","type-page","status-publish","hentry"],"_links":{"self":[{"href":"https:\/\/valtel.ostersund.se\/index.php\/wp-json\/wp\/v2\/pages\/414","targetHints":{"allow":["GET"]}}],"collection":[{"href":"https:\/\/valtel.ostersund.se\/index.php\/wp-json\/wp\/v2\/pages"}],"about":[{"href":"https:\/\/valtel.ostersund.se\/index.php\/wp-json\/wp\/v2\/types\/page"}],"author":[{"embeddable":true,"href":"https:\/\/valtel.ostersund.se\/index.php\/wp-json\/wp\/v2\/users\/3"}],"replies":[{"embeddable":true,"href":"https:\/\/valtel.ostersund.se\/index.php\/wp-json\/wp\/v2\/comments?post=414"}],"version-history":[{"count":6,"href":"https:\/\/valtel.ostersund.se\/index.php\/wp-json\/wp\/v2\/pages\/414\/revisions"}],"predecessor-version":[{"id":711,"href":"https:\/\/valtel.ostersund.se\/index.php\/wp-json\/wp\/v2\/pages\/414\/revisions\/711"}],"wp:attachment":[{"href":"https:\/\/valtel.ostersund.se\/index.php\/wp-json\/wp\/v2\/media?parent=414"}],"curies":[{"name":"wp","href":"https:\/\/api.w.org\/{rel}","templated":true}]}}